site number?
True
Let w(i) = -i**3 + 7*i**2 - 8*i - 5. Let n be w(5). Suppose n*r = 333 - 98. Suppose c - r = 174. Is c a composite number?
True
Suppose 2*a = -4*f + 83724, -3*f + 23*a + 62783 = 22*a. Is f a prime number?
True
Is (-2*(-12)/(-72))/((-5)/1720095) prime?
False
Let g = 1330 + -1109. Suppose -4*u + 3*o + 214 = -2*u, -u = -o - 108. Suppose n = g + u. Is n composite?
False
Suppose -154*s + 0*s = -210052766. Is s a composite number?
False
Suppose h + 62 = 55, -x - 4*h = -24873. Is x composite?
True
Let j(z) = 17096*z - 8307. Is j(101) a composite number?
False
Let l(o) = 2*o + 10. Let p be l(-5). Let w = 5 + p. Suppose m = w*m - 3188. Is m a composite number?
False
Let u be 156/(-117)*106518/(-4). Let o = 72351 - u. Is o prime?
False
Let t(s) = 3*s**2 + 16*s + 7. Let d(n) = n**2 - 12*n - 13. Let c be d(14). Let q be (c/(-25))/(1/(-10)). Is t(q) a composite number?
False
Let b be -2 + 1 - (-59982)/6. Let r = 17339 - b. Is r a composite number?
True
Is (16584/(-16))/(66/(-2332)) composite?
True
Suppose -2647*o + 2638*o = -644049. Is o a prime number?
False
Let k = 77 - 48. Suppose 5*u = -a + k, a = -3*u - u + 23. Is 10*u/15 + 1405 a composite number?
False
Let x(n) be the third derivative of -55*n**4/12 - 11*n**3/2 + 20*n**2. Let m = 32 - 39. Is x(m) a prime number?
False
Let h = 57131 - -12908. Is h composite?
False
Suppose -18*o + 5*o = -6*o. Is (o + 26819/(-39))/(1/(-3)) a composite number?
False
Suppose 40*f - 45758 = 51722. Is f a prime number?
True
Is 9*(-6)/18*(-3 + 59216/(-12)) a composite number?
False
Suppose -41 = 2*l - 45. Suppose -4*g - 3*y - l*y + 37 = 0, -7 = -g - 2*y. Suppose g*r - 2344 = 5*r. Is r prime?
True
Let q = 16 + 2. Suppose 4*y = -q + 6. Is -3 - ((-7922)/14 + y/21) prime?
True
Suppose -4*y - 4*a + 26 = 118, 4*a = 16. Let g be (-180)/y*(-6)/4. Let o(j) = -j**3 - 9*j**2 - j + 9. Is o(g) composite?
True
Suppose -4*j = 49 - 57. Suppose 13*u = -j*u. Suppose 11*d + 1226 - 8563 = u. Is d a prime number?
False
Let t = 488410 + 153982. Suppose 38*x = t + 84206. Is x a composite number?
False
Is ((-16)/80)/((-4)/5)*223396 prime?
True
Let f be ((-14)/21)/(2/(-6)). Suppose -8*m = -4*m - f*b - 6560, 10 = -5*b. Is m a prime number?
False
Let q = -120 + 123. Suppose q*j - 4191 = -792. Is j prime?
False
Let s = -15892 - -23365. Suppose 4*p - s = -i, 3*i - 3*p - 12110 - 10234 = 0. Is i a composite number?
True
Suppose 1328 - 224 = 4*k. Let j(y) = -k*y + 0 + 241*y - 9. Is j(-26) composite?
True
Suppose 2*m - 4*b - 7362 = 0, -m + 3*b - 18379 = -6*m. Suppose 2*v - m + 241 = 0. Is v a prime number?
False
Let r be 2 + (2 - 0) + -6. Let b be 4/r*(-6 - -67). Let z = b - -591. Is z composite?
True
Let k = -151384 - -227415. Is k composite?
False
Let b be (-174)/(-10) - (-4)/(-10). Let o(r) = -21*r - 31. Let h(v) = 1. Let y(a) = 3*h(a) - o(a). Is y(b) a composite number?
True
Suppose 989012 = 2*u - 6*b, 14*b - 9 = 17*b. Is u a prime number?
True
Let r = 41123 - -58256. Is r a composite number?
True
Suppose -18*i + 64 = -2*i. Suppose -i*l + 6140 = -2376. Is l composite?
False
Let n = -318 + 358. Suppose 45*i - n*i = 1615. Is i a composite number?
True
Let m = 210 + -1029. Is 310487/21 - (-78)/m prime?
False
Suppose 15*t - 184170 = -6*t. Suppose 574*n - 569*n = t. Is n composite?
True
Suppose -4*y - 8678 + 111260 = -2*x, 3*x = -3*y + 76941. Is y a prime number?
False
Let k = -61 - -71. Suppose -4 = k*m - 14. Let l(x) = 482*x**3 - 1. Is l(m) a composite number?
True
Let k(a) = -9*a**2 + 26*a + 18. Let s be k(-16). Is (5 + s/(-4))/(2/4) a prime number?
True
Let q be 1560/(-8) - (1 + -2)/1. Let c = q - -1475. Suppose 3*p - 4518 + c = 0. Is p a prime number?
False
Suppose 58300 = -4*v + 415016. Is v a composite number?
True
Let c = 227 - 227. Suppose 11*k = 6*k + b + 33068, c = b + 3. Is k prime?
False
Let l = -22 - -22. Suppose -5*n + 3 - 18 = l, 8 = -2*v + 2*n. Let b(x) = 11*x**2 - 15*x + 3. Is b(v) composite?
False
Let b be (1/(-2)*-4)/(4/30682). Suppose 10*z = b + 60249. Is z composite?
False
Suppose -4*a - 3*s + 3 = -a, -10 = 5*s. Suppose -t = -3 + 4, -o = -a*t - 784. Is o composite?
True
Suppose 27*w - 26*w = -9. Is 67*(w/18 - (-9)/6) prime?
True
Suppose -5*f + 2*g = 7*g - 4885, -5*f - g + 4869 = 0. Let w = f - 1717. Let b = w + 1783. Is b a prime number?
True
Let c(d) = -4*d**3 + 6*d**2 - 12*d - 5. Let k be (-2 - (7 - 3)) + 0/2. Is c(k) a composite number?
True
Suppose 0 = y + y + 8. Let g be (-15)/(-60) + 1/y. Suppose -x = -g*x - 1082. Is x composite?
True
Let u = 20 + -29. Let q be 1 + 4/3*u/(-4). Suppose -2*p - 679 = -q*h + 123, -4*h - 4*p = -808. Is h a prime number?
False
Let l(b) = -2*b**2 - 23*b + 39. Let n be l(-13). Suppose v + v - 2402 = n. Is v a composite number?
False
Suppose -5 = 5*x, -5*z = -2*x + 4*x - 88. Is (12378/(-9))/((-12)/z) a composite number?
False
Let y(q) = 22304*q**2 + 186*q - 379. Is y(2) a prime number?
True
Suppose 0 = -16*t + 1840 + 4816. Suppose -4*n + 2*h + 192 = -616, -5*h = 2*n - t. Is n prime?
False
Suppose -29*q + 5381441 = -3088560. Is q a prime number?
True
Let f = -3155 - -4938. Let l = f - -232. Let p = -282 + l. Is p a composite number?
False
Let i(u) be the third derivative of -u**4/24 + u**3/2 - 11*u**2. Let q be i(-3). Suppose 396 = q*d - 114. Is d a composite number?
True
Let o be 12981/1*(-3 + 30/9). Let c = o + -3068. Is c composite?
False
Let w(n) = 5*n**3 - 3 - 3 + 12 + 11*n + 10*n**2 - 18. Let v be w(9). Suppose -4*x - 3*l + 6049 = 0, 3*x = -3*l + 6*l + v. Is x a prime number?
False
Let u = 100667 + -60551. Suppose -631*d + 625*d + u = 0. Is d composite?
True
Let g = 0 + 12. Let f be (-1 - -3)/((-9)/g - -1). Suppose -f*u + 4385 = -7*u. Is u a composite number?
True
Let x(y) = 75*y**2 + 17*y + 73. Let u be (-3649)/533 - (-4)/(-26). Is x(u) a prime number?
False
Suppose 25*b - 168794 = 299731. Is b composite?
True
Suppose -4*u + 504602 = 2*x, -4*x + 101095 = u - 908144. Is x prime?
False
Suppose -191*g = 2*q - 187*g - 54362, -5*q + g = -135894. Is q composite?
False
Let z = 45 - 38. Suppose 49191 - 5476 = z*k. Is k composite?
True
Suppose -36*w - 81*w = -58*w - 5553257. Is w composite?
True
Suppose -y - b + 51763 = 0, 0 = -5*y + 6*y - 5*b - 51763. Is y a prime number?
False
Let d = 25030 - 43721. Let a = -10200 - d. Is a prime?
False
Let b(c) = c**2 - 15*c + 31. Let k be b(13). Suppose k*v - 2*u = 56, -9 = -u - 12. Suppose 5*j - v*j = -1945. Is j a prime number?
True
Suppose 4*w - 358945 = -1089*z + 1088*z, 4*z - 5*w - 1435927 = 0. Is z prime?
True
Suppose -2 = 4*r + 14. Let u be 244/4 + r/4. Suppose h = -2*j + 68, 0 = -3*h + 4*j + 214 - u. Is h a prime number?
False
Let z be 242/(-1) + 39/13. Let n = z - -2844. Is n prime?
False
Let s(q) = 2*q**2 + 4*q - 1. Let u be s(-5). Let c(y) = -9*y - 57. Let g be c(-6). Is (-116 + 5)*u/g composite?
True
Suppose -6*r - 224992 = -10*r - 2*f, 3*r - 3*f - 168753 = 0. Is r prime?
True
Suppose 0 = 3*s - 5*n - 4808912, -4*n + 61013 = 5*s - 7953754. Is s a composite number?
False
Let t(g) = 6635*g**3 - 170*g + 673. Is t(4) prime?
False
Suppose -3*g - 1058558 = -5*x, 5*g + 1030346 = 4*x + 183497. Is x prime?
True
Suppose 2*a + 3 - 9 = 0. Suppose -288 = a*t - 4*k, 3*k = -t - 130 + 34. Is (176 + 1)*-4*56/t a prime number?
False
Let w = -103 + 105. Suppose 5*y = h - 12162, -4*y = -w*h + 17995 + 6359. Is h a composite number?
True
Let b = -1031 - -1570. Suppose 538*q - b*q + 3683 = 0. Is q composite?
True
Suppose 0*z = -3*v + z + 4, -4*v + 3*z = 3. Let u(b) = 520*b**3 + 5*b**2 - 18*b - 2. Is u(v) a composite number?
False
Let c = 1507 - -2364. Suppose 22*n = c + 14587. Is n a composite number?
False
Let o = 1559 - -1195. Let a = 295 + o. Is a prime?
True
Suppose -5*x + 41 = -2*c, -x - 4*x + c = -38. Let a(j) be the second derivative of 25*j**3/6 + 12*j**2 - 3*j. Is a(x) a prime number?
True
Let g be 86*-1*(1463/(-14))/11. Let a = g - -8364. Is a composite?
False
Suppose -r - r - 2*i + 12136 = 0, 3*r = 3*i + 18216. Suppose 33*y - r = 31*y. Is y a prime number?
False
Let i be 5/5*15/1. Suppose -4*c = 4*h - 17 - i, -h = -c. Suppose 1741 + 175 = c*v. Is v a composite number?
False
Let g(a) = -55 - 240*a + 13*a + 1304*a. Is g(8) a prime number?
False
Suppose -3*w - 5 = -4*w. Suppose 5*y = -f - 8, w*y + 2*f - 2 = -13. Is 3/y*(-18114)/18 a prime number?
True
L